{"id":113,"date":"2016-04-20T15:13:24","date_gmt":"2016-04-20T13:13:24","guid":{"rendered":"http:\/\/www.mischmash.de\/?page_id=113"},"modified":"2016-07-06T20:01:13","modified_gmt":"2016-07-06T18:01:13","slug":"misch-mash-deli-literaturhaeppchen-to-go","status":"publish","type":"page","link":"https:\/\/www.mischmash.de\/?page_id=113","title":{"rendered":"MischMash Deli2016"},"content":{"rendered":"<h3>Literaturh\u00e4ppchen to go bei 48 Stunden Neuk\u00f6lln<\/h3>\n<p>Auch 2016 mischmashten wir mit beim Kunstfestival <a href=\"http:\/\/www.48-stunden-neukoelln.de\" target=\"_blank\"><span style=\"text-decoration: underline;\">48 Stunden Neuk\u00f6lln<\/span><\/a>. Diesmal im <a href=\"http:\/\/www.ori-berlin.de\" target=\"_blank\">ORi<\/a>, einem einzigartigen Projektraum in der Friedelstra\u00dfe.<\/p>\n<p>Das Motto des Festivals lautete dieses Jahr : <strong>SATT.<\/strong><br \/>\nAngeregt durch den schlichten Titel haben wir uns\u00a0 etwas Besonderes einfallen lassen &#8211; <strong>das MischMash Deli. <\/strong>Denn digitale Speichermedien und globale Verbreitungstechnologien vergr\u00f6\u00dfern zwar unser kulturelles Erbe\u00a0 unaufhaltsam. Aber wie satt macht uns das eigentlich? Im Zeitalter von Merkel-Memes, Cat Content und Binge Watching fragten wir uns, was aus den gro\u00dfen Klassikern der Literaturgeschichte wird, wenn wir sie in leicht konsumierbare Fast Food Formate packen. Passt \u201eFaust\u201c in einen Tweet? Wie s\u00e4he \u201eHundert Jahre Einsamkeit\u201c als animiertes Gif aus? Wie passt das \u201eRamayana\u201c in die Headline eines Online-Banners?<\/p>\n<p><strong><div id=\"metaslider-id-140\" style=\"max-width: 800px;\" class=\"ml-slider-3-101-0 metaslider metaslider-flex metaslider-140 ml-slider ms-theme-default nav-hidden\" role=\"region\" aria-label=\"MischMash Deli\" data-height=\"600\" data-width=\"800\">\n    <div id=\"metaslider_container_140\">\n        <div id=\"metaslider_140\">\n            <ul class='slides'>\n                <li style=\"display: block; width: 100%;\" class=\"slide-129 ms-image \" aria-roledescription=\"slide\" data-date=\"2016-07-06 19:02:44\"><img loading=\"lazy\" decoding=\"async\" src=\"https:\/\/www.mischmash.de\/wp-content\/uploads\/2016\/04\/IMG_1615-800x600.jpg\" height=\"600\" width=\"800\" alt=\"MischMasch Deli 2016\" class=\"slider-140 slide-129 msDefaultImage\" title=\"MischMasch Deli 2016\" \/><div class=\"caption-wrap\"><div class=\"caption\">MischMasch Deli 2016<\/div><\/div><\/li>\n                <li style=\"display: none; width: 100%;\" class=\"slide-127 ms-image \" aria-roledescription=\"slide\" data-date=\"2016-07-06 18:59:38\"><img loading=\"lazy\" decoding=\"async\" src=\"https:\/\/www.mischmash.de\/wp-content\/uploads\/2016\/04\/FullSizeRender-e1467830100661-800x600.jpg\" height=\"600\" width=\"800\" alt=\"MischMasch Deli 2016\" class=\"slider-140 slide-127 msDefaultImage\" title=\"MischMasch Deli 2016\" \/><div class=\"caption-wrap\"><div class=\"caption\">MischMasch Deli 2016<\/div><\/div><\/li>\n                <li style=\"display: none; width: 100%;\" class=\"slide-141 ms-image \" aria-roledescription=\"slide\" data-date=\"2016-07-06 19:23:40\"><img loading=\"lazy\" decoding=\"async\" src=\"https:\/\/www.mischmash.de\/wp-content\/uploads\/2016\/07\/IMG_1645.jpg\" height=\"600\" width=\"800\" alt=\"MischMasch Deli 2016\" class=\"slider-140 slide-141 msDefaultImage\" title=\"MischMasch Deli 2016\" \/><div class=\"caption-wrap\"><div class=\"caption\">MischMasch Deli 2016<\/div><\/div><\/li>\n                <li style=\"display: none; width: 100%;\" class=\"slide-133 ms-image \" aria-roledescription=\"slide\" data-date=\"2016-07-06 19:03:28\"><img loading=\"lazy\" decoding=\"async\" src=\"https:\/\/www.mischmash.de\/wp-content\/uploads\/2016\/04\/IMG_1632-800x600.jpg\" height=\"600\" width=\"800\" alt=\"\" class=\"slider-140 slide-133 msDefaultImage\" \/><div class=\"caption-wrap\"><div class=\"caption\">MischMasch Deli 2016<\/div><\/div><\/li>\n                <li style=\"display: none; width: 100%;\" class=\"slide-135 ms-image \" aria-roledescription=\"slide\" data-date=\"2016-07-06 19:03:39\"><img loading=\"lazy\" decoding=\"async\" src=\"https:\/\/www.mischmash.de\/wp-content\/uploads\/2016\/04\/IMG_1643-800x600.jpg\" height=\"600\" width=\"800\" alt=\"MischMasch Deli 2016\" class=\"slider-140 slide-135 msDefaultImage\" title=\"MischMasch Deli 2016\" \/><div class=\"caption-wrap\"><div class=\"caption\">2016: MischMasch Deli<\/div><\/div><\/li>\n            <\/ul>\n        <\/div>\n        \n    <\/div>\n<\/div><\/strong><\/p>\n<p>Bei unserer Lesung am 25. Juni haben wir uns dann unser Publikum im MischMash Deli bedient. Die Zuh\u00f6rerInnen w\u00e4hlten aus der MischMash Speisekarte ein &#8222;Literaturh\u00e4ppchen to go&#8220;, und wir lieferten prompt mit einem L\u00e4cheln auf dem Gesicht.<\/p>\n<p>Sch\u00f6n war&#8217;s und Dank an alle, die dabei waren!<\/p>\n<p>&nbsp;<\/p>\n<p>&nbsp;<\/p>\n<p>&nbsp;<\/p>\n<p>&nbsp;<\/p>\n","protected":false},"excerpt":{"rendered":"<p>Literaturh\u00e4ppchen to go bei 48 Stunden Neuk\u00f6lln Auch 2016 mischmashten wir mit beim Kunstfestival 48 Stunden Neuk\u00f6lln. Diesmal im ORi, einem einzigartigen Projektraum in der Friedelstra\u00dfe. Das Motto des Festivals lautete dieses Jahr : SATT. &hellip;<\/p>\n","protected":false},"author":1,"featured_media":0,"parent":0,"menu_order":0,"comment_status":"closed","ping_status":"closed","template":"","meta":{"footnotes":""},"class_list":["post-113","page","type-page","status-publish","hentry"],"_links":{"self":[{"href":"https:\/\/www.mischmash.de\/index.php?rest_route=\/wp\/v2\/pages\/113","targetHints":{"allow":["GET"]}}],"collection":[{"href":"https:\/\/www.mischmash.de\/index.php?rest_route=\/wp\/v2\/pages"}],"about":[{"href":"https:\/\/www.mischmash.de\/index.php?rest_route=\/wp\/v2\/types\/page"}],"author":[{"embeddable":true,"href":"https:\/\/www.mischmash.de\/index.php?rest_route=\/wp\/v2\/users\/1"}],"replies":[{"embeddable":true,"href":"https:\/\/www.mischmash.de\/index.php?rest_route=%2Fwp%2Fv2%2Fcomments&post=113"}],"version-history":[{"count":14,"href":"https:\/\/www.mischmash.de\/index.php?rest_route=\/wp\/v2\/pages\/113\/revisions"}],"predecessor-version":[{"id":116,"href":"https:\/\/www.mischmash.de\/index.php?rest_route=\/wp\/v2\/pages\/113\/revisions\/116"}],"wp:attachment":[{"href":"https:\/\/www.mischmash.de\/index.php?rest_route=%2Fwp%2Fv2%2Fmedia&parent=113"}],"curies":[{"name":"wp","href":"https:\/\/api.w.org\/{rel}","templated":true}]}}