{"id":746,"date":"2025-10-01T13:15:42","date_gmt":"2025-10-01T11:15:42","guid":{"rendered":"https:\/\/www.mischmash.de\/?page_id=746"},"modified":"2026-01-10T12:12:21","modified_gmt":"2026-01-10T11:12:21","slug":"wir-sind-mischmash","status":"publish","type":"page","link":"https:\/\/www.mischmash.de\/","title":{"rendered":"Wir sind MischMash!"},"content":{"rendered":"<div class=\"wp-block-image\">\n<figure class=\"aligncenter size-large is-resized\"><a href=\"http:\/\/www.mischmash.de\/wp-content\/uploads\/2025\/09\/mischmash-gruppe.jpg\"><img loading=\"lazy\" decoding=\"async\" width=\"738\" height=\"606\" src=\"https:\/\/www.mischmash.de\/wp-content\/uploads\/2026\/01\/mischmash-gruppe-e1759317745686-edited-2.jpg\" alt=\"\" class=\"wp-image-757\" style=\"width:451px;height:auto\" srcset=\"https:\/\/www.mischmash.de\/wp-content\/uploads\/2026\/01\/mischmash-gruppe-e1759317745686-edited-2.jpg 738w, https:\/\/www.mischmash.de\/wp-content\/uploads\/2026\/01\/mischmash-gruppe-e1759317745686-edited-2-300x246.jpg 300w\" sizes=\"auto, (max-width: 738px) 100vw, 738px\" \/><\/a><\/figure><\/div>\n\n\n<p>MischMash sind: <a href=\"https:\/\/www.mischmash.de\/?page_id=158\" data-type=\"page\" data-id=\"158\">Ricarda Br\u00fccke<\/a>, <a href=\"https:\/\/www.mischmash.de\/?page_id=156\" data-type=\"page\" data-id=\"156\">Judith Strohm<\/a>, Anisha Cornips, <a href=\"https:\/\/www.mischmash.de\/?page_id=160\" data-type=\"page\" data-id=\"160\">Thanassis Kalaitzis<\/a> und <a href=\"https:\/\/www.mischmash.de\/?page_id=2\" data-type=\"page\" data-id=\"2\">J\u00f6rg Olvermann.<\/a><\/p>\n\n\n\n<h2 class=\"wp-block-heading has-text-align-center\">N\u00e4chste Lesung: Sonntag, 18.Januar 2026 ab 15 Uhr<\/h2>\n\n\n\n<p class=\"has-text-align-center\">Gemeinsam mit dem Team des <a href=\"https:\/\/fincan.eu\/\" data-type=\"link\" data-id=\"https:\/\/fincan.eu\/\">Fincan<\/a> Schreibcaf\u00e9s trefft ihr uns auf der Fincan Leseb\u00fchne, Altenbraker Str. 26 in Neuk\u00f6lln. <\/p>\n\n\n\n<iframe src=\"https:\/\/www.google.com\/maps\/embed?pb=!1m18!1m12!1m3!1d2430.552033911817!2d13.429903812727114!3d52.4691398719312!2m3!1f0!2f0!3f0!3m2!1i1024!2i768!4f13.1!3m3!1m2!1s0x47a84f9bd82a7b93%3A0x583434d9b250b9c0!2sFincan!5e0!3m2!1sde!2sde!4v1768043464097!5m2!1sde!2sde\" width=\"600\" height=\"450\" style=\"border:0;\" allowfullscreen=\"\" loading=\"lazy\" referrerpolicy=\"no-referrer-when-downgrade\"><\/iframe>\n","protected":false},"excerpt":{"rendered":"<p>MischMash sind: Ricarda Br\u00fccke, Judith Strohm, Anisha Cornips, Thanassis Kalaitzis und J\u00f6rg Olvermann. N\u00e4chste Lesung: Sonntag, 18.Januar 2026 ab 15 Uhr Gemeinsam mit dem Team des Fincan Schreibcaf\u00e9s trefft ihr uns auf der Fincan Leseb\u00fchne, &hellip;<\/p>\n","protected":false},"author":1,"featured_media":0,"parent":0,"menu_order":0,"comment_status":"closed","ping_status":"closed","template":"","meta":{"footnotes":""},"class_list":["post-746","page","type-page","status-publish","hentry"],"_links":{"self":[{"href":"https:\/\/www.mischmash.de\/index.php?rest_route=\/wp\/v2\/pages\/746","targetHints":{"allow":["GET"]}}],"collection":[{"href":"https:\/\/www.mischmash.de\/index.php?rest_route=\/wp\/v2\/pages"}],"about":[{"href":"https:\/\/www.mischmash.de\/index.php?rest_route=\/wp\/v2\/types\/page"}],"author":[{"embeddable":true,"href":"https:\/\/www.mischmash.de\/index.php?rest_route=\/wp\/v2\/users\/1"}],"replies":[{"embeddable":true,"href":"https:\/\/www.mischmash.de\/index.php?rest_route=%2Fwp%2Fv2%2Fcomments&post=746"}],"version-history":[{"count":8,"href":"https:\/\/www.mischmash.de\/index.php?rest_route=\/wp\/v2\/pages\/746\/revisions"}],"predecessor-version":[{"id":762,"href":"https:\/\/www.mischmash.de\/index.php?rest_route=\/wp\/v2\/pages\/746\/revisions\/762"}],"wp:attachment":[{"href":"https:\/\/www.mischmash.de\/index.php?rest_route=%2Fwp%2Fv2%2Fmedia&parent=746"}],"curies":[{"name":"wp","href":"https:\/\/api.w.org\/{rel}","templated":true}]}}